 145, -n - y = -5*x + 2*n. List the prime factors of x.
5, 13
Let w(c) = -c**3 - 12*c**2 - 2*c - 9. Let h be w(-12). Suppose -61 = -2*p - h. What are the prime factors of p?
23
Let f = 26 - 6. Let o be ((-36)/f)/((-1)/5). List the prime factors of o + 40 - (-3 + 0).
2, 13
Let t be 17/(255/50)*6/4. What are the prime factors of (-321)/(-6) + t/(-10)?
53
Suppose -9*b + 4389 = 12*b. What are the prime factors of b?
11, 19
Let x(i) = -2*i + 4*i - i. Let n be x(-6). Let r(l) = l**3 + 7*l**2 + 2*l + 6. List the prime factors of r(n).
2, 3, 5
Let s(n) = n**3 - 11*n**2 + 19*n - 7. Let r be s(9). Suppose -2*j - i + 100 = 0, -5*j + 237 = -r*i - 31. List the prime factors of j.
2, 13
Suppose -5*s - 13*s + 9864 = 0. What are the prime factors of s?
2, 137
What are the prime factors of 18/21 + 0 + 411102/189?
2, 17
Let b = 117 + 649. List the prime factors of b.
2, 383
Let p = -1008 + 1463. What are the prime factors of p?
5, 7, 13
Suppose 0 = 292*p - 297*p + 5620. What are the prime factors of p?
2, 281
Suppose -2*r + 7*r = -2*d + 49, -86 = -4*d + 2*r. Suppose k + 5*y - d = 0, -k + 5*y + 3 = 21. List the prime factors of k.
2
List the prime factors of (1 + (-4950)/(-27))/((-4)/(-60)).
5, 7, 79
Suppose 2*h + 1295 + 716 = 3*t, 5*h = 2*t - 1348. List the prime factors of t.
3, 223
Let c(l) be the third derivative of -3*l**4/8 - l**3 + 5*l**2. Let p be c(-5). Suppose -3*g = t - g - p, -3*t = 4*g - 115. What are the prime factors of t?
37
Let g = -2 + 8. Suppose -g*a - 113 = -7*a. What are the prime factors of a?
113
Let c be 4/(-16) - (3 - (-58)/(-8)). Suppose -l = 3*y - 430, 2*y + 2*l = c*l + 300. What are the prime factors of y?
5, 29
Suppose 22 = 7*f - 9*f. Let z = -11 - f. Suppose 20 = 5*a, z*h - 5*h - 3*a = -67. What are the prime factors of h?
11
Suppose -2*p + 4*p + 4*o = 1738, 3*p - 2651 = 5*o. List the prime factors of p.
877
Suppose 27*z - z = 20488. What are the prime factors of z?
2, 197
Let m(z) = 139*z + 247. What are the prime factors of m(5)?
2, 3, 157
Let l(v) = v**3 - 6*v**2 - 3*v + 10. Let r be l(7). Suppose -o + r = o. What are the prime factors of o?
19
Suppose k + j + 18 = 3*j, 0 = -5*k + 5*j - 95. What are the prime factors of (-6)/(-2 + (-32)/k)?
3, 5
Let o(j) = -2*j**3 + 15*j**2 - 11*j + 13. Let k be o(7). List the prime factors of 1/((k/(-3))/565).
113
Let g(q) = -q**3 + 19*q**2 - 2*q + 5. List the prime factors of g(8).
3, 7, 11
Let k = 28 + 24. Suppose 2*w = k + 66. List the prime factors of w.
59
Let j = 472 + -69. List the prime factors of j.
13, 31
Let q = 5197 + -2056. List the prime factors of q.
3, 349
Let v = 601 - 419. Suppose -132 = -5*l - 3*p + 77, 4*l = 5*p + v. What are the prime factors of l?
43
Suppose -3*n + n + 2*i = -4, -n + 2 = -2*i. Suppose 0*w - 12 = -w. Suppose -n*t + 5*t = w. List the prime factors of t.
2
Let y = 655 + -407. List the prime factors of y.
2, 31
Suppose 0 = -x + 5*f + 9, -5*f + 2*f - 7 = -x. List the prime factors of x.
2
Let s(u) = -5*u + 50. Suppose 0*d + 5*d = -65. What are the prime factors of s(d)?
5, 23
Let t(p) = 89*p**2 + 8*p + 7. Let u be t(-2). Let a = u - 247. What are the prime factors of a?
2, 5
Suppose 0 = 9*c - 0*c - 585. What are the prime factors of c?
5, 13
Suppose -v + 6 = -0. Let b be 147/(-14)*(-52)/v. Let g = 139 - b. List the prime factors of g.
2, 3
Let d = -4 + 13. Suppose -4*p + 56 = 4*s, 2*s + 1 = d. What are the prime factors of p?
2, 5
Suppose -21 + 1 = -5*p. Suppose p*a = -a + 90. What are the prime factors of (a/4)/(3/16)?
2, 3
Let y = -5 + 21. Let d = -18 + y. Let p(v) = -3*v + 2. List the prime factors of p(d).
2
Let i = 10 - 8. Suppose -4*t + 17 = 3*u, 3*u - 2 = -i*t - 1. List the prime factors of 69 - t/(-4)*1.
71
Let a(g) = -7*g - 5. Let s be a(-1). List the prime factors of (3/(-3) - s)*-31.
3, 31
Suppose -p + 174 = 2*r - 69, -3*p + 608 = 5*r. What are the prime factors of r?
11
Let m(r) = -60*r**3 + 71*r**3 - 118*r**3 - 2*r - 2*r**2 - 63*r**3. List the prime factors of m(-1).
2, 5, 17
Let j(a) = 11 - 9 + 0*a - 2*a + a**2. Let w be j(5). Let s = w - 0. What are the prime factors of s?
17
Let w(i) = i. Let u(p) = -p**2 - p + 3. Let c(l) = -u(l) + w(l). Let k be 3/2*12/9. List the prime factors of c(k).
5
Let f be (1 - -1)/((-8)/28). Let h = 11 + f. List the prime factors of 24 - 1/(h + -3).
23
Let x = 1368 - 747. List the prime factors of x.
3, 23
Let i(t) = t**3 + 6*t**2 - 6*t + 2. Let a(p) = -p**3 + 3*p**2 + 4*p + 1. Let d be a(4). Let x = d - 6. List the prime factors of i(x).
3, 19
Let t be (-53)/(-9) + 1/9. Suppose 2*i + f - t*f = -10, 5*i = -4*f + 41. Suppose -g + o + i = 0, -4*g + 12 + 5 = -o. List the prime factors of g.
2
Let b be (5 - 2/1) + (5 - 5). Suppose 0 = -v + 2*v + 5, 2*s = -b*v - 7. What are the prime factors of s?
2
What are the prime factors of (-4)/5 - (-1294)/5?
2, 3, 43
Let p be (-2)/(3*2/24). Let j = p + -4. Let o = j + 18. What are the prime factors of o?
2, 3
Let q(x) = -11*x. Suppose 4*c + 48 = 28. List the prime factors of q(c).
5, 11
Let o be (-75)/(-10) + 3/(-2). Suppose 23 = o*m - 7. List the prime factors of m.
5
Let x be (-183)/(-27) - 8/(-36). Let d = -6 - x. Let l = 45 + d. List the prime factors of l.
2
Let g be (-88)/40 - (-2)/10. What are the prime factors of (8/5)/((-5)/300*g)?
2, 3
Suppose 0 = 6*z - 2*z - 140. Suppose -k = -h + 1, 2*h - 5*k + z = 7*h. Suppose 5*v = 5*j - 110, -h*j = 3*v - 107 - 2. List the prime factors of j.
5
What are the prime factors of -3*(-3 - (-71736)/(-36))?
5987
Let d(y) = 3*y**2 - 5*y - 8. Let g be 4/10 + 1 + (-160)/25. What are the prime factors of d(g)?
2, 23
Let s(v) be the first derivative of v**3/3 - 6*v**2 + 2. Let c be s(13). Suppose 4*u - b - 66 = b, c = u + 3*b. What are the prime factors of u?
2
List the prime factors of 981 + 12/(24/(-14)).
2, 487
Suppose 0 = -3*t + 4*t + 17. Suppose -7*n + 263 = -3. Let g = n + t. What are the prime factors of g?
3, 7
Suppose -9*q = -90 - 180. Let a = -17 + 11. Let w = a + q. List the prime factors of w.
2, 3
Suppose 4*m - y - 15733 = 0, 88*m - 93*m + 19662 = 3*y. List the prime factors of m.
3, 19, 23
Let a = -1891 + 3515. What are the prime factors of a?
2, 7, 29
Let d = -54 + 66. Let s = 80 + d. List the prime factors of s.
2, 23
Suppose 0 = 2*a + 3*x - 2, 0*a + 4*x - 4 = -3*a. Suppose -3*v + 23 = 8. Suppose 4*y - h - 12 = 0, a + 2 = -v*y - 4*h. What are the prime factors of y?
2
Let t be -6*(-2)/(-4) - -7. Suppose -t*m + 522 + 310 = 0. What are the prime factors of m?
2, 13
Suppose 2*k + 30 = -0. Let r be 6*((-40)/k + -2). Suppose -r*z - 5*u + 97 = 0, -2*u - 175 = -4*z - 57. What are the prime factors of z?
2, 7
Suppose 4*z - z + 0*z = 0. Suppose -w + 5*b - 18 = z, 4*w + 4*b = 17 + 7. What are the prime factors of w?
2
Let f(a) = a**2 - 5*a - 8. Let n be f(8). Suppose 2*d = -4, -v + 7*d + n = 2*d. Suppose 70 = v*h - 236. List the prime factors of h.
3, 17
Suppose 4500 = 22*t + 3*t. List the prime factors of t.
2, 3, 5
Let s(d) = 109*d + 18. Let t be s(6). Suppose 3*f = 5*h - t, 4*h - 541 = f - 2*f. What are the prime factors of h?
3, 5
Suppose 5*b - 20 = -3*x, -2*x - 2*b - b = -14. Suppose 7*w - x*w = -195. What are the prime factors of w?
5, 13
Let f be (0/(-2) + 3)*1. List the prime factors of 1*f - (-14 - 55).
2, 3
Suppose 29*h - 12067 = 11568. What are the prime factors of h?
5, 163
Let c = -73 + 334. List the prime factors of c.
3, 29
Let w = 105 - 67. Let s = -18 - w. Let r = s - -112. What are the prime factors of r?
2, 7
Let j = -99 - -102. Suppose 3 = -j*w + 12, -1474 = -5*a + 2*w. What are the prime factors of a?
2, 37
Suppose -23 = -3*j - 4*d, -23 = -0*j + 2*j - 5*d. What are the prime factors of 37*(2 - j - 0)?
37
Let g(a) = -11*a**3 - 3*a**2 - 4*a - 4. Let x be g(-2). Suppose 2*s - 80 = x. List the prime factors of s.
2, 5
Let i(x) = -x**2 - 7*x - 5. Let v be i(-6). Let u be (v - -38)*8/12. Let b = 10 + u. What are the prime factors of b?
2, 3
Let y = -7 - -8. Let r = y - -2. Suppose 3*u = -4*l + 26, -3*u + r*l = 2*l - 46. List the prime factors of u.
2, 7
Let a(w) = w**3 + 53*w**2 - 57*w - 248. List the prime factors of a(-53).
47, 59
Suppose -1190 + 46630 = 64*j. List the prime factors of j.
2, 5, 71
Suppose -6*n + 34*n = 41216. List the prime factors of n.
2, 23
Let i = 1403 - 1310. What are the prime factors of i?
3, 31
Su